e
Does 10 divide 23360?
True
Is 5620 a multiple of 20?
True
Is 11951 a multiple of 19?
True
Is 195 a multiple of 15?
True
Does 16 divide 434?
False
Does 49 divide 539?
True
Is 8 a factor of 661?
False
Does 26 divide 19979?
False
Does 6 divide 90?
True
Is 201 a factor of 7179?
False
Is 45 a factor of 1215?
True
Does 28 divide 84?
True
Is 120 a multiple of 2?
True
Is 16 a factor of 48?
True
Is 330 a multiple of 33?
True
Is 61 a factor of 83082?
True
Is 130 a factor of 102570?
True
Is 132 a multiple of 8?
False
Is 30 a factor of 90?
True
Is 39450 a multiple of 150?
True
Is 5117 a multiple of 2?
False
Is 24 a factor of 584?
False
Is 9 a factor of 22479?
False
Does 196 divide 1176?
True
Is 3 a factor of 1066?
False
Is 240 a multiple of 80?
True
Is 105 a factor of 6615?
True
Does 6 divide 25507?
False
Does 4 divide 3148?
True
Does 148 divide 4828?
False
Does 43 divide 1299?
False
Is 25 a multiple of 5?
True
Is 38 a factor of 24966?
True
Does 14 divide 532?
True
Is 13 a factor of 82569?
False
Is 75 a factor of 2568?
False
Is 1974 a multiple of 14?
True
Does 79 divide 11060?
True
Is 4802 a multiple of 49?
True
Does 34 divide 9970?
False
Does 10 divide 1260?
True
Is 9000 a multiple of 90?
True
Does 36 divide 4068?
True
Does 71 divide 755?
False
Does 10 divide 983?
False
Is 15 a factor of 4344?
False
Does 16 divide 1296?
True
Does 12 divide 192?
True
Is 5 a factor of 293?
False
Is 24 a factor of 95760?
True
Is 12454 a multiple of 26?
True
Is 36656 a multiple of 26?
False
Is 3772 a multiple of 92?
True
Is 51 a factor of 1836?
True
Is 171 a factor of 57432?
False
Is 285 a factor of 24486?
False
Does 98 divide 5809?
False
Does 13 divide 611?
True
Is 44 a factor of 1082?
False
Is 1427 a multiple of 47?
False
Is 55 a factor of 8454?
False
Is 5509 a multiple of 64?
False
Is 6411 a multiple of 75?
False
Does 65 divide 172?
False
Is 3164 a multiple of 113?
True
Is 4375 a multiple of 118?
False
Is 45 a factor of 360?
True
Is 262 a multiple of 75?
False
Is 10608 a multiple of 13?
True
Is 28899 a multiple of 9?
True
Does 110 divide 4052?
False
Is 7155 a multiple of 3?
True
Does 15 divide 15395?
False
Is 4 a factor of 21768?
True
Does 32 divide 192?
True
Is 8608 a multiple of 180?
False
Does 117 divide 2391?
False
Is 5514 a multiple of 6?
True
Is 6 a factor of 60717?
False
Does 52 divide 2080?
True
Does 142 divide 2130?
True
Does 45 divide 3822?
False
Is 88 a factor of 15834?
False
Is 10355 a multiple of 9?
False
Does 9 divide 1882?
False
Is 20 a factor of 31931?
False
Is 26 a factor of 8462?
False
Is 53 a factor of 4982?
True
Is 44 a factor of 1528?
False
Is 28170 a multiple of 30?
True
Is 1891 a multiple of 12?
False
Is 63 a factor of 20738?
False
Is 336 a multiple of 8?
True
Does 4 divide 4078?
False
Is 12 a factor of 23400?
True
Is 57 a factor of 1083?
True
Is 595 a multiple of 35?
True
Is 2774 a multiple of 19?
True
Is 7 a factor of 154?
True
Does 39 divide 3632?
False
Is 160 a factor of 22880?
True
Does 14 divide 192?
False
Is 30450 a multiple of 58?
True
Is 5424 a multiple of 19?
False
Is 13997 a multiple of 133?
False
Does 15 divide 10255?
False
Is 35 a factor of 2323?
False
Is 28545 a multiple of 86?
False
Is 12 a factor of 28788?
True
Does 14 divide 1064?
True
Does 22 divide 86186?
False
Is 8244 a multiple of 15?
False
Does 137 divide 18734?
False
Is 22 a multiple of 4?
False
Is 40 a factor of 14864?
False
Is 116 a factor of 12835?
False
Is 76 a factor of 2204?
True
Does 139 divide 8881?
False
Is 19 a factor of 1570?
False
Is 29 a factor of 1914?
True
Does 69 divide 286?
False
Does 8 divide 4003?
False
Does 45 divide 1080?
True
Is 5 a factor of 1502?
False
Does 224 divide 8655?
False
Does 19 divide 122528?
False
Is 82 a factor of 11152?
True
Is 475 a multiple of 49?
False
Is 16458 a multiple of 78?
True
Is 365 a multiple of 17?
False
Does 48 divide 29760?
True
Does 91 divide 7640?
False
Is 72 a factor of 648?
True
Does 66 divide 15588?
False
Is 439 a multiple of 10?
False
Does 163 divide 6208?
False
Is 8 a factor of 31793?
False
Does 2 divide 5?
False
Is 2 a factor of 22?
True
Is 9 a factor of 3555?
True
Does 6 divide 700?
False
Is 7 a factor of 13470?
False
Is 25 a factor of 248?
False
Does 13 divide 265?
False
Is 24623 a multiple of 21?
False
Is 28 a factor of 7952?
True
Does 32 divide 96?
True
Does 3 divide 979?
False
Is 5325 a multiple of 31?
False
Does 112 divide 3472?
True
Is 239 a multiple of 9?
False
Does 2 divide 2067?
False
Is 32 a factor of 672?
True
Is 262 a factor of 22998?
False
Is 9374 a multiple of 43?
True
Is 10 a factor of 80?
True
Is 53 a factor of 2385?
True
Is 6 a factor of 1638?
True
Is 1061 a multiple of 11?
False
Is 21021 a multiple of 13?
True
Is 52 a factor of 205?
False
Is 6 a factor of 2511?
False
Does 42 divide 20412?
True
Does 33 divide 1617?
True
Is 26 a factor of 1144?
True
Is 24 a factor of 6955?
False
Is 21445 a multiple of 23?
False
Is 492 a multiple of 23?
False
Is 13 a factor of 471?
False
Is 19 a factor of 19?
True
Does 5 divide 59557?
False
Is 680 a multiple of 17?
True
Is 4 a factor of 28?
True
Is 65628 a multiple of 12?
True
Does 4 divide 921?
False
Does 105 divide 8085?
True
Does 44 divide 4437?
False
Does 14 divide 452?
False
Does 31 divide 22010?
True
Is 7 a factor of 696?
False
Is 333 a multiple of 9?
True
Does 16 divide 8816?
True
Does 8 divide 732?
False
Is 476 a multiple of 13?
False
Is 16 a factor of 17904?
True
Is 1696 a multiple of 32?
True
Is 34 a factor of 26467?
False
Is 13 a factor of 13?
True
Is 204 a multiple of 17?
True
Is 9932 a multiple of 4?
True
Is 104 a factor of 104?
True
Does 2 divide 832?
True
Does 25 divide 2875?
True
Is 17 a factor of 199?
False
Does 13 divide 336?
False
Does 10 divide 733?
False
Is 79156 a multiple of 22?
True
Is 22347 a multiple of 25?
False
Is 34155 a multiple of 55?
True
Is 18 a factor of 93636?
True
Does 8 divide 192?
True
Does 44 divide 1496?
True
Is 15640 a multiple of 68?
True
Is 680 a multiple of 4?
True
Does 9 divide 261?
True
Is 19 a factor of 1495?
False
Is 15174 a multiple of 54?
True
Does 38 divide 1900?
True
Does 15 divide 247?
False
Is 1145 a multiple of 4?
False
Is 33840 a multiple of 45?
True
Is 11176 a multiple of 124?
False
Is 65550 a multiple of 17?
False
Is 7546 a multiple of 14?
True
Does 40 divide 1920?
True
Is 615 a multiple of 43?
False
Is 24 a factor of 207?
False
Is 366 a factor of 11712?
True
Does 20 divide 1147?
False
Is 9 a factor of 846?
True
Is 15902 a multiple of 25?
False
Does 9 divide 790?
False
Does 13 divide 1586?
True
Is 196 a multiple of 14?
True
Is 241 a multiple of 30?
False
Is 6 a factor of 293?
False
Is 709 a multiple of 24?
False
Is 150 a factor of 30672?
False
Is 2720 a multiple of 20?
True
Is 14 a factor of 42?
True
Does 15 divide 4581?
False
Is 2918 a multiple of 12?
False
Does 33 divide 9603?
True
Is 94875 a multiple of 15?
True
Is 63 a factor of 33768?
True
Is 1960 a multiple of 5?
True
Is 88 a factor of 1584?
True
Does 7 divide 22974?
True
Is 198 a multiple of 11?
True
Does 45 divide 495?
True
Does 9 divide 4149?
True
Does 73 divide 9041?
False
Does 12 divide 6909?
False
Is 4342 a multiple of 14?
False
Is 1049 a multiple of 27?
False
Is 23 a factor of 1328?
False
Is 14 a factor of 315?
False
Is 7567 a multiple of 20?
False
Is 1691 a multiple of 4?
False
Is 105 a multiple of 15?
True
Is 3396 a multiple of 37?
False
Does 39 divide 54288?
True
Is 132 a multiple of 3?
True
Is 20 a factor of 100?
True
Is 101 a factor of 7180?
False
Is 21 a factor of 105?
True
Is 15 a factor of 2955?
True
Does 58 divide 75110?
True
Does 29 divide 812?
True
Is 7 a factor of 1253?
True
Is 21 a factor of 2548?
False
Does 5 divide 603?
False
Is 1346 a multiple of 62?
False
Is 14483 a multiple of 51?
False
Is 263 a multiple of 34?
False
Does 61 divide 855?
False
Does 33 divide 16883?
False
Is 16 a factor of 3456?
True
Does 13 divide 1937?
True
Is 18 a factor of 774?
True
Is 76102 a multiple of 66?
False
Does 4 divide 393?
False
Is 8 a factor of 6704?
True
Does 91 divide 25935?
True
Is 2554 a multiple of 11?
False
Is 6 a factor of 2849?
False
Is 161 a multiple of 21?
False
Does 87 divide 12555?
False
Does 153 divide 34119?
True
Is 3400 a multiple of 100?
True
Is 8 a factor of 438?
False
Is 4 a factor of 1145?
False
Does 33 divide 49834?
False
Is